{"id":9606,"date":"2018-07-15T12:27:57","date_gmt":"2018-07-15T12:27:57","guid":{"rendered":"http:\/\/www.obheal.ie\/blog\/?page_id=9606"},"modified":"2019-09-03T13:35:29","modified_gmt":"2019-09-03T13:35:29","slug":"erasmus-ecic-partners","status":"publish","type":"page","link":"https:\/\/www.obheal.ie\/blog\/erasmus-ecic-partners\/","title":{"rendered":"Erasmus+ ECIC Partnership"},"content":{"rendered":"<p><center><b>\u00d3 Bh\u00e9al&#8217;s European Partners<\/p>\n<p><\/b><b><\/b><b><\/b><b><\/b><b><\/b><b><\/b><b><\/b><b><\/b><b><\/b><b><\/b><b><\/b><b><\/b><b><\/b><b><\/b><b><\/b><b><\/b><b><\/b><b><font size=\"1\" color=\"green\">ECIC &#8211; European Community of Inclusive Cultures<\/font><\/b><\/p>\n<p><\/center><\/p>\n<p>&nbsp;<br \/>\n&nbsp;In 2016, \u00d3 Bh\u00e9al was approached by Ux\u00edo Novoneyra from Parada Courel &#8211; who runs the Dos Eidos festival at the Novoneyra Foundation in Galicia &#8211; on behalf of a group of literary organisations based in four European countries (Spain, France, Italy and Portugal), asking if we would be interested in partnering up with them, to collectively apply for an Erasmus+ grant. Three of these organisations had previously undertaken a similar venture, which meant they already had experience with the application process, and none more so than Maureen Walby, head of the French contingency in Voulmentin. The Irish and Portuguese partners were new to the process.<\/p>\n<p>&nbsp;So after a series of introductions, discussions and productive (multilingual) skype meetings, we initiated <strong>ECIC<\/strong> &#8211; <strong>European Community of Inclusive Cultures<\/strong>. \u00d3 Bh\u00e9al and the other parties each signed a partnership mandate to apply for the Erasmus+ grant in order to fund a two-year programme of workshops, learning activities and exchanges of best practice (in curating literary festivals) between the five partners. Thankfully the application was a success and before we knew it we were planning visits to each other&#8217;s countries. Listed beneath are the five organisations and their respective festivals, with links (as they appear) to photo reviews of the exchanges.<br \/>\n&nbsp;<\/p>\n<p><img decoding=\"async\" src=\"https:\/\/www.obheal.ie\/erasmusplus\/MadeiraFLMSm.jpg\"\/><br \/>\n&nbsp;<br \/>\n<a href=\"http:\/\/festivalliterariodamadeira.pt\/pt#programa\">Festival Liter\u00e1rio da Madeira<\/a><\/p>\n<p>(March 13th-18th 2018) &#8211; Madeira, Portugal<\/p>\n<p>hosted by Associa\u00e7\u00e3o Eca<\/p>\n<p><b><font color=\"green\"><a href=\"https:\/\/www.obheal.ie\/blog\/erasmus-ecic-partners\/ecic-2018-madeira-flm\/\">*** Photo Review by \u00d3 Bh\u00e9al Participants ***<\/a><\/font><\/b><\/p>\n<p>&nbsp;<br \/>\n&nbsp;<br \/>\n&nbsp;<\/p>\n<p><img decoding=\"async\" src=\"https:\/\/www.obheal.ie\/erasmusplus\/VoulmentinSm.jpg\"\/><br \/>\n&nbsp;<br \/>\n<a href=\"https:\/\/litfest-eu-voulmentin.jimdo.com\/\">Festival de Voulmentin <\/a><\/p>\n<p>(June 25th-July 1st 2018) &#8211; Voulmentin, France<\/p>\n<p>hosted by LitFest.eu<\/p>\n<p><b><font color=\"green\"><a href=\"https:\/\/www.obheal.ie\/blog\/erasmus-ecic-partners\/ecic-2018-2-voulmentin\/\">*** Photo Review by \u00d3 Bh\u00e9al Participants ***<\/a><\/font><\/b><\/p>\n<p>&nbsp;<br \/>\n&nbsp;<br \/>\n&nbsp;<\/p>\n<p><img decoding=\"async\" src=\"https:\/\/www.obheal.ie\/erasmusplus\/FundacionUxioNovoneyraSm.jpg\"\/><br \/>\n&nbsp;<br \/>\n<a href=\"https:\/\/www.facebook.com\/eidosfest\">Festival Dos Eidos<\/a><\/p>\n<p>(August 21st-27th 2018) &#8211; Courel, Galicia, Spain<\/p>\n<p>hosted by Fundaci\u00f3n Ux\u00edo Novoneyra<\/p>\n<p><b><font color=\"green\"><a href=\"https:\/\/www.obheal.ie\/blog\/erasmus-ecic-partners\/ecic-2018-galicia\/\">*** Photo Review by \u00d3 Bh\u00e9al Participants ***<\/a><\/font><\/b><\/p>\n<p>&nbsp;<br \/>\n&nbsp;<br \/>\n&nbsp;<\/p>\n<p><img decoding=\"async\" src=\"https:\/\/www.obheal.ie\/erasmusplus\/Winter Warmer 2018vsb.jpg\"\/><br \/>\n&nbsp;<br \/>\n<a href=\"https:\/\/www.obheal.ie\/blog\/winter-warmer-festival-2017\/\">Winter Warmer Festival<\/a><\/p>\n<p>(November 22nd-25th) &#8211; Cork, Ireland<\/p>\n<p>hosted by \u00d3 Bh\u00e9al<\/p>\n<p><b><font color=\"green\"><a href=\"https:\/\/www.obheal.ie\/blog\/winter-warmer-festival-2018\/\">*** 6th Winter Warmer Programme ***<\/a><\/font><\/b><\/p>\n<p>&nbsp;<br \/>\n&nbsp;<\/p>\n<p><img decoding=\"async\" src=\"https:\/\/www.obheal.ie\/erasmusplus\/DunaDiSaleSm.jpg\"\/><br \/>\n&nbsp;<br \/>\n&nbsp;<br \/>\n<a href=\"https:\/\/www.salernoletteratura.com\/en\/index.php?lng=I\">Festival Salerno Letteratura<\/a><\/p>\n<p>(June 15th-23rd 2019) &#8211; Salerno, Italy<\/p>\n<p>hosted by Associazione Duna di Sale<\/p>\n<p><b><font color=\"green\"><a href=\"https:\/\/www.obheal.ie\/blog\/erasmus-ecic-partners\/ecic-2019-4-salerno-lf\/\">*** Photo Review by \u00d3 Bh\u00e9al Participants ***<\/a><\/font><\/b><\/p>\n<p>&nbsp;<\/p>\n<p>&nbsp;This Erasmus+ grant, provided by the European Union, programme supports organisations from different participating countries to work together, to develop, share and transfer best practices and innovative approaches in the fields of education, training and youth. The programme also gives opportunities to students, trainees, staff and volunteers to spend a period abroad to increase their skills and employability.<\/p>\n<p>&nbsp;The ECIC partnership is being developed under the framework of Key Action 2: \u201cCooperation for innovation and the exchange of good practices\u201d as a capacity-building project in the field of higher education, aiming to raise literacy standards alongside civil participation &amp; empowerment, to promote people-to-people contacts and also to develop an online toolkit for creating and developing literary festivals.<\/p>\n<p><a href=\"https:\/\/ec.europa.eu\/programmes\/erasmus-plus\/node_en\"><img decoding=\"async\" src=\"https:\/\/www.obheal.ie\/blog\/logo-erasmus-plusSm.jpg\"\/><\/a><br \/>\n&nbsp;<\/p>\n<hr \/>\n<p>&nbsp;<\/p>\n<p><center><strong>More information from our <a href=\"http:\/\/litfest.eu\/\">Litest.eu<\/a> \/ Voulmentin partners:<\/strong><\/center><\/p>\n<p><strong>ERASMUS PLUS\u2026. Ten Key facts&#8230;<\/strong><\/p>\n<p>1.       Erasmus+ funding is available to support all forms of lifelong learning for adults of all ages (18+).<\/p>\n<p>2.       It\u2019s available to any properly registered organisation that provides any form of learning or teaching. \u201cLearning\u201d includes all aspects of work, leisure and sport.<\/p>\n<p>3.       Calls for Project are made at least annually.<\/p>\n<p>4.       There are different categories and sectors through which funding applications are made (Higher Education, Vocational Training &amp; Education, Adult Education, Schools, Youth).<\/p>\n<p>5.       Funding is offered for Mobilities (learners going to another country to study or to learn, work experience or work-shadowing etc, with no reciprocal arrangement) or through Strategic Partnerships (joint working with at least two other EU Member States working on a specific area of interest or shared need).<\/p>\n<p>6.       Projects can be based on \u201cTransfer of Good Practice\u201d or \u201cthe Development of Innovation\u201d<\/p>\n<p>7.       Bids for funding are submitted through each country\u2019s National Agency<\/p>\n<p>8.       Funding can last from 6 months to 36 months.<\/p>\n<p>9.       Erasmus+ funding is easy to manage as it uses a simplified financial management process based on \u201cunit prices\u201d. However, careful record keeping is essential. Good support is offered by the National Agencies.<\/p>\n<p>10.   Small organisations are encouraged to submit funding applications, especially those working with disadvantaged groups or people with limited access to learning options.<\/p>\n<p>For more info visit: <a href=\"https:\/\/ec.europa.eu\/programmes\/erasmus-plus\/node_en\">https:\/\/ec.europa.eu\/programmes\/erasmus-plus\/node_en<\/a><\/p>\n<p>&nbsp;<br \/>\n&nbsp;<\/p>\n<hr \/>\n","protected":false},"excerpt":{"rendered":"<p>\u00d3 Bh\u00e9al&#8217;s European Partners ECIC &#8211; European Community of Inclusive Cultures &nbsp; &nbsp;In 2016, \u00d3 Bh\u00e9al was approached by Ux\u00edo Novoneyra from Parada Courel &#8211; who runs the Dos Eidos festival at the Novoneyra Foundation in Galicia &#8211; on behalf of a group of literary organisations based in four European countries (Spain, France, Italy and [&hellip;]<\/p>\n","protected":false},"author":1,"featured_media":0,"parent":0,"menu_order":0,"comment_status":"closed","ping_status":"closed","template":"","meta":{"_uf_show_specific_survey":0,"_uf_disable_surveys":false,"footnotes":""},"class_list":["post-9606","page","type-page","status-publish","hentry"],"_links":{"self":[{"href":"https:\/\/www.obheal.ie\/blog\/wp-json\/wp\/v2\/pages\/9606","targetHints":{"allow":["GET"]}}],"collection":[{"href":"https:\/\/www.obheal.ie\/blog\/wp-json\/wp\/v2\/pages"}],"about":[{"href":"https:\/\/www.obheal.ie\/blog\/wp-json\/wp\/v2\/types\/page"}],"author":[{"embeddable":true,"href":"https:\/\/www.obheal.ie\/blog\/wp-json\/wp\/v2\/users\/1"}],"replies":[{"embeddable":true,"href":"https:\/\/www.obheal.ie\/blog\/wp-json\/wp\/v2\/comments?post=9606"}],"version-history":[{"count":69,"href":"https:\/\/www.obheal.ie\/blog\/wp-json\/wp\/v2\/pages\/9606\/revisions"}],"predecessor-version":[{"id":13673,"href":"https:\/\/www.obheal.ie\/blog\/wp-json\/wp\/v2\/pages\/9606\/revisions\/13673"}],"wp:attachment":[{"href":"https:\/\/www.obheal.ie\/blog\/wp-json\/wp\/v2\/media?parent=9606"}],"curies":[{"name":"wp","href":"https:\/\/api.w.org\/{rel}","templated":true}]}}