{"id":7930,"date":"2017-11-27T11:38:52","date_gmt":"2017-11-27T11:38:52","guid":{"rendered":"http:\/\/www.obheal.ie\/blog\/?page_id=7930"},"modified":"2025-06-09T13:58:57","modified_gmt":"2025-06-09T13:58:57","slug":"guests-64-dec-17-jan-18","status":"publish","type":"page","link":"https:\/\/www.obheal.ie\/blog\/guest-poets\/guests-64-dec-17-jan-18\/","title":{"rendered":"Guests (64) Dec 17\/Jan 18"},"content":{"rendered":"<hr \/>\n<p><center><strong>December and January<\/strong><\/center><\/p>\n<hr \/>\n<p><center><em>4th December<\/em><\/p>\n<p><font size=\"1\" color=\"green\"><strong>&#211; Bh&eacute;al<\/strong><\/font><font size=\"1\"> in association with <\/font><font size=\"1\" color=\"green\"><strong>Foras na Gaeilge<\/strong><\/font><font size=\"1\"> presents<\/font><\/p>\n<p><strong>Stiof\u00e1n \u00d3 Cadhla<\/strong><\/p>\n<p>You can listen to Stiof\u00e1n&#8217;s reading <a href=\"https:\/\/www.obheal.ie\/blog\/audio\/Guest Reading - Stiofan O Cadhla.mp3\">here<\/a>.<\/center><\/p>\n<p><font color=\"silver\"><img decoding=\"async\" border=\"1\" align=\"right\" src=\"https:\/\/www.obheal.ie\/blog\/wp-content\/uploads\/2017\/11\/StiofanOCadhlaSm.jpg\"\/><\/font><font size=\"1\"><strong>Stiof\u00e1n \u00d3 Cadhla<\/strong> was born in Ring. He is Head of the Department of Folklore in UCC. He has published two collections of poetry <i>An Creidmheachach D\u00e9anach<\/i> and <i>Tarraing Na Cuirt\u00edn\u00ed, A Dhocht\u00fair<\/i>, both with Coisc\u00e9im. He won the Michael Hartnett Award in 2012.<\/p>\n<p>Rugadh <strong>Stiof\u00e1n \u00d3 Cadhla<\/strong> i Rinn \u00d3 gCuanach agus t\u00f3gadh ansan agus i mBaile an Easpaig ar imeall chathair Chorca\u00ed \u00e9. Ba \u00e9 <i>An Creideamhach D\u00e9anach<\/i> (Coisc\u00e9im 2009) an ch\u00e9ad chnuasach fil\u00edochta aige. Bronnadh Gradam Fil\u00edochta Mhich\u00edl U\u00ed hAirtn\u00e9ide air sa bhliain 2012. Foils\u00edodh an tarna cnuasach <i>Tarraing na Cuirt\u00edn\u00ed, a Dhocht\u00fair<\/i> (Coisc\u00e9im 2012), bronnadh duais aitheantais sa Chom\u00f3rtas Fil\u00edochta i gCom\u00f3rtas Liteartha an Oireachtais 2012.<\/p>\n<p>&nbsp;<\/p>\n<p><\/font>\n<\/p>\n<hr \/>\n<p><a name=\"11thDecember\"><\/a><br \/>\n<center><em>11th December<\/em><\/p>\n<p><font size=\"1\"><strong>&#211; Bh&eacute;al<\/strong><\/font><font size=\"1\">&#8216;s <\/font><font size=\"1\" color=\"green\"><strong>End of Year Event<\/strong><\/font><font size=\"1\"> presents<\/font><\/p>\n<p><strong>Fernando Beltr\u00e1n<\/strong><\/p>\n<p>You can listen to Fernando&#8217;s reading <a href=\"https:\/\/www.obheal.ie\/blog\/audio\/Guest Reading - Fernando Beltran.mp3\">here<\/a>.<\/center><\/p>\n<p><font color=\"silver\"><img decoding=\"async\" border=\"1\" align=\"right\" src=\"https:\/\/www.obheal.ie\/blog\/wp-content\/uploads\/2017\/11\/FernandoBeltranSm.jpg\"\/><\/font><font size=\"1\"> Over the course of the years, <strong>Fernando Beltr\u00e1n<\/strong> has published over 15 poetry collections. Some of his works have been translated into 15 different languages and his entire repertoire has been translated into French by the publishing house &#8216;L&#8217;Harmattan&#8217; in a book entitled <i>L&#8217;Homme de la Rue<\/i>. While this means you don&#8217;t have to visit Spain to read his works, it is still best to take some Spanish classes to be able to read his works in their original form.<\/p>\n<p>He was born in the city of Oviedo, in the green and rainy region of northern Spain called Asturias in 1956, however his family moved to Madrid in 1964, which is where the poet now lives. In 1980, Beltr\u00e1n became one of the founding authors of <i>Sensismo<\/i>, a poetry movement that signified a generational rejection of the cultural aesthetic tendencies of the <i>Nov\u00edsimos<\/i> in the 1970s. In 1982, Beltr\u00e1n&#8217;s literary fame kicked off as he won the runner-up prize in the Premio Adon\u00e1is competition with <i>Aquelarre en Madrid<\/i>, which has since been re-edited on numerous occasions, becoming a benchmark of his poetic generation.<\/p>\n<p>The poetry of this Spanish author became clear in two manifestos. In 1987, he published the first, <i>Perdimos la palabra<\/i> (We lost the word), in the daily newspaper <em>El Pa\u00eds<\/em>, meanwhile the second manifesto, <i>Hacia una poes\u00eda entrometida&#8217;<\/i>, (Towards a meddlesome poetry), appeared in the magazine <em>Leer<\/em> later, in 1989. The second article is much more important for understanding this poet as the &#8216;interfering&#8217; poet that he defines himself as.<\/p>\n<p>Beltr\u00e1n also founded the Aula de las Met\u00e1foras, a poetry library to which the contemporary Spanish poet has donated 2500 works. The library can be found in the Casa de Cultura in Grado in the region of Asturias. At this present moment, he is the director of the poetry magazine, <i>El hombre de la calle<\/i>. As well as being a poet, he is also a professor at the European Institute of Design and the Escuela Superior de Arquitectura. Aside from his work in literature, he also founded the business &#8216;El Nombre de las Cosas&#8217;, a studio which helps come up with names for new companies. Although at first many people thought he was mad, Beltr\u00e1n has actually had a great deal of success with this company. Among some of the brands the company has created, one can find Amena, Faunia, OpenCor, Cruzial, rastreator, La Casa Encendida, etc.<\/p>\n<p><\/font><\/p>\n<p>&nbsp;<\/p>\n<hr \/>\n<p><a name=\"8thJanuary\"><\/a><br \/>\n<center><em>8th January<\/em><\/p>\n<p><font size=\"1\" color=\"green\"><strong>&#211; Bh&eacute;al<\/strong><\/font><font size=\"1\"> in association with <\/font><font size=\"1\" color=\"green\"><strong>First Fortnight<\/strong><\/font><font size=\"1\"> presents<\/font><\/p>\n<p><strong>Cormac Lally<\/strong> and <strong>Julie Goo<\/strong><\/p>\n<p>You can listen to Cormac and Julie&#8217;s complete performance <a href=\"https:\/\/www.obheal.ie\/blog\/audio\/Guest Reading - Cormac Lally and Julie Goo.mp3\">here<\/a>.<\/center><\/p>\n<p><font color=\"silver\"><img decoding=\"async\" border=\"1\" align=\"right\" src=\"https:\/\/www.obheal.ie\/blog\/wp-content\/uploads\/2017\/11\/FFLogoSm.jpg\"\/><\/font><font size=\"1\"><strong>First Fortnight<\/strong> is a charity that challenges mental health prejudice through arts and cultural action. Cormac Lally and Julie Goo first met at The All Ireland Poetry Slam Final 2014 in Kilkenny. This was the beginning of a literary adventure for both, for better or for worse. GooLally Productions was born in the summer of 2017, when both poets combined their work into a show entitled <i>Me, Myself and Ireland<\/i>. This show went down a storm on Sherkin Island in August 2017 and is due to travel to travel the country over the coming year. GooLally Productions have created a unique show for the First Fortnight event at \u00d3 Bh\u00e9al, where each poet will explore life experiences which have impacted on their mental health. Expect honesty, darkness, hope and a good dose of humour. <\/p>\n<p><\/font><font size=\"1\" color=\"silver\"><img decoding=\"async\" border=\"1\" align=\"right\" src=\"https:\/\/www.obheal.ie\/blog\/wp-content\/uploads\/2017\/11\/Cormac Lally.jpg\"\/><\/font><font size=\"1\"><strong>Cormac Lally<\/strong> is one of Ireland&#8217;s top spoken word artists and performance poets. His work has been featured on RTE&#8217;s Arena and the Moncrieff Show. He has opened for Liam O Maonlai, Luka Bloom, Mick Flannery, Ye Vagabonds, R\u00edR\u00e1, Martin Hayes and Denis Cahill, as well as performing all over Ireland at the countries\u2019 biggest festivals.\u00a0In 2015 he became the first poet to win two different Provinces of the All Ireland Slam Poetry Championship winning in Munster after having won Leinster the previous year.\u00a0In 2016 he teamed up with Julie Goo, Sean Denehey and Stan Notte to create the show <i>Poets of the Revolution<\/i>, a show which poetically examined Ireland in 1916, 2016 and 3016. This sold out show was part of the Quarter Block Party Festival in Cork and was described as being &#8220;magical, insightful and full of colour&#8221;.\u00a0<br \/>\nLally\u2019s collections <em>Scribbles, Dribbles and Homegrown Nibbles<\/em> and <em>Too Busy Dancing<\/em> are sold worldwide. He lives and works in Skibbereen, Co. Cork.\u00a0<\/p>\n<p><\/font><font size=\"1\" color=\"silver\"><img decoding=\"async\" border=\"1\" align=\"right\" src=\"https:\/\/www.obheal.ie\/blog\/wp-content\/uploads\/2017\/11\/Julie Goo.jpg\"\/><\/font><font size=\"1\"><strong>Julie Goo<\/strong> is a Cork-born bilingual writer and singer.  In 2012, her chapbook <i>Spoken Worlds &#8211; lost in print<\/i> was published, and she was one of two Cork poets chosen to represent Cork in Coventry for the Annual Twin Cities Exchange. Goo has performed at a wide range of festivals and events including:  TedX Cork, Winter Warmer, Lesbian Lives Conference,  Circus Factory, \u00d3 Bh\u00e9al, Electric Picnic, Valentia Isle Festival, Indiependence, Body &#038; Soul, Live Words, Support Act to Panti Bliss at St. Luke\u2019s, Connolly\u2019s of Leap, The Quarter Block Party, Eastrogen Rising, The Kino, and Cork Midsummer Festival. Goo was crowned Munster Slam Champion in 2012, and has represented Munster in The All Ireland Slam twice. Her slam poetry is socially conscious, politically driven, uplifting and open hearted. As a primary school teacher, who is passionate about inclusive, Educate Together Education, Julie also gives writing workshops to kids. Her motto in life is \u2018I\u2019d try anything twice\u2019. Check out Julie Goo\u2019s <a href=\"https:\/\/www.facebook.com\/Julie-Goo-349169745200539\/\">facebook page<\/a> or email juliegoopoetry@gmail.com for a list of upcoming events.<br \/>\n  <\/font><\/p>\n<p>&nbsp;<\/p>\n<hr \/>\n<p><a name=\"15thJanuary\"><\/a><br \/>\n<center><em>15th January<\/em><\/p>\n<p><strong>Doireann N\u00ed Ghr\u00edofa<\/strong><br \/>\n<\/center><\/p>\n<p><font color=\"silver\"><img decoding=\"async\" border=\"1\" align=\"right\" src=\"https:\/\/www.obheal.ie\/blog\/wp-content\/uploads\/2017\/11\/DoireannSm.jpg\"\/><\/font><font size=\"1\"><strong>Doireann N\u00ed Ghr\u00edofa<\/strong> is a bilingual writer whose books explore birth, death, desire and domesticity. Her poems and prose regularly appear in literary journals in Ireland and internationally. Among her awards are the Ireland Chair of Poetry Bursary, the Rooney Prize for Irish Literature, the Michael Hartnett Award for Poetry and Scotland&#8217;s Wigtown Award for Gaelic Poetry.  She frequently participates in cross-disciplinary collaborations, fusing poetry with film, dance, music, and visual art. Recent\/forthcoming commissions include work for The Poetry Society (Britain), RT\u00c9 Radio 1, University College Cork, and The Arts Council\/Crash Ensemble.<\/p>\n<p>Doireann\u2019s third collection <em>Clasp<\/em> (Dedalus Press, 2015), was shortlisted for the 2016 Irish Times Poetry Award. She writes &#8220;with tenderness and unflinching curiosity&#8221; (Poetry Magazine, Chicago).   <\/p>\n<p><center>For more about Doireann, visit <a href=\"http:\/\/www.doireannnighriofa.com\">www.doireannnighriofa.com<\/a>.<\/center><\/p>\n<p>&nbsp;<\/p>\n<p><\/font>\n<\/p>\n<hr \/>\n<p><a name=\"22ndJanuary\"><\/a><br \/>\n<center><em>22nd January<\/em><\/p>\n<p><font size=\"1\" color=\"green\"><strong>Fired!<\/strong><\/font><font size=\"1\"><strong>&#8211; Forgotten Women<\/strong><\/font><font size=\"1\"> presents readings by<\/font><\/p>\n<p><strong>Raina J. Le\u00f3n, Chris Murray, Nicola Moffat, Kathy D&#8217;Arcy<\/strong><br \/>\nand surprise guest <strong>Kate Dempsey<\/strong><\/p>\n<p>You can listen to the complete FIRED! performance <a href=\"https:\/\/www.obheal.ie\/blog\/audio\/Guest Reading - FIRED.mp3\">here<\/a>.<\/center><\/p>\n<p><font color=\"silver\"><img decoding=\"async\" border=\"1\" align=\"right\" src=\"https:\/\/www.obheal.ie\/blog\/wp-content\/uploads\/2017\/11\/FiredSm.jpg\"\/><\/font><font size=\"1\">In the fifties <i>The Oxford Book of Irish Verse<\/i> was published, edited by male poets Lennox Robinson and Donagh MacDonagh.  The anthology contained work by eighteen women, which was pretty good going for the time. In 1986, Thomas Kinsella edited <i>The New Oxford Book of Irish Verse<\/i>.  It contained work by one woman \u2013 from the Irish, in translation.  Kinsella was the translator.<\/p>\n<p>Irish women poets are coming together all over the country to host <b>Fired!<\/b> readings, discussions and events. This is not an isolated event, but part of a disturbing pattern which has emerged in Irish literature over the decades.  This year, the publication of the Cambridge Companion to Irish Poetry has been something of a last straw. We will be reminding the Irish literary world about the beautiful work and talented poets who have been erased from the canon of Irish literature.  We want to discuss why this happened, and how we can stop it from happening.  We want more than anything to celebrate these women and their words.  Audience members will have the opportunity to participate and read at the open-mic, and work by forgotten poets will be available to read from.<\/p>\n<p><font color=\"silver\"><img decoding=\"async\" border=\"1\" align=\"right\" src=\"https:\/\/www.obheal.ie\/blog\/wp-content\/uploads\/2017\/11\/RainaSm.jpg\"\/><\/font><font size=\"1\"><strong>Raina J. Le\u00f3n<\/strong>, Cave Canem graduate fellow (2006), CantoMundo fellow, Macondo fellow, and member of the Carolina African American Writers Collective, has been published in numerous journals as a writer of poetry, fiction and nonfiction.  Her first collection <i>Canticle of Idols<\/i>, was a finalist for the Cave Canem First Book Poetry Prize (2005) and Andr\u00e9s Montoya Poetry Prize (2006). Her third book <i>sombra : (dis)locate<\/i> was published in 2016 as was her first chapbook <i>profeta without refuge<\/i>. A founding editor of <i>The Acentos Review<\/i>, an online quarterly, international journal devoted to the promotion and publication of Latinx arts, she is also an associate professor of education at Saint Mary&#8217;s College of California. <\/p>\n<p><font color=\"silver\"><img decoding=\"async\" border=\"1\" align=\"right\" src=\"https:\/\/www.obheal.ie\/blog\/wp-content\/uploads\/2017\/11\/Chris Murray.jpg\"\/><\/font><font size=\"1\"><strong>Chris Murray<\/strong> is an Irish poet. Her chapbook <i>Three Red Things<\/i> was published by Smithereens Press in June 2013. A small collection of interrelated poems in series and sequence, <i>Cycles<\/i>, was published by Lapwing Press in autumn 2013. A book-length poem, <i>The Blind<\/i>, was published by Oneiros Books in 2013. Her second book-length poem, <i>She<\/i>, was published by Oneiros in spring 2014. A chapbook, <i>Signature<\/i>, was published by Bone Orchard Press in March 2014. <i>A Modern Encounter with &#8216;Foebus abierat&#8217;: On Eavan Boland&#8217;s &#8216;Phoebus Was Gone, all Gone, His Journey Over<\/i> was published in <i>Eavan Boland: Inside History<\/i> (Editors: Nessa O&#8217;Mahony and Siobh\u00e1n Campbell) by Arlen House in 2016.<\/p>\n<p><font color=\"silver\"><img decoding=\"async\" border=\"1\" align=\"right\" src=\"https:\/\/www.obheal.ie\/blog\/wp-content\/uploads\/2017\/11\/NicolaMoffatSm.jpg\"\/><\/font><font size=\"1\">Born and raised in South Africa, <strong>Nicola Moffat<\/strong> has spent the last nineteen years trying to become a Corkonian. She is a regular attendee of the \u00d3 Bh\u00e9al open mic nights and has been published in \u00d3 Bh\u00e9al&#8217;s annual Five Word Challenge anthology. She was also invited to contribute to the 2016 \u00d3 Bh\u00e9al Winter Warmer Festival and her reading can be found here: <a href=\"https:\/\/youtu.be\/bSaiAiH9mho\">youtu.be\/bSaiAiH9mho<\/a><br \/>\n&nbsp;<br \/>\n&nbsp;<\/p>\n<p><font color=\"silver\"><img decoding=\"async\" border=\"1\" align=\"right\" src=\"https:\/\/www.obheal.ie\/blog\/wp-content\/uploads\/2017\/11\/Kathy.jpg\"\/><\/font><font size=\"1\"><strong>Kathy D&#8217;Arcy<\/strong> is a Cork poet (<em>Encounter<\/em> 2010, <em>The Wild Pupil<\/em> 2012) currently completing an IRC-funded Creative Writing PhD in UCC, where she teaches with the Women&#8217;s Studies department. In 2013 she received an Arts Council Literature Bursary for her poem <i>Camino<\/i>. She has worked as a doctor and youth worker as well as teaching creative writing. Her play <i>This is my Constitution<\/i> was staged in 2013 at an Irish parliamentary briefing on gender. She was 2016 editor of the <em>Cork Literary Review<\/em> and is current editor of <em>Rhyme Rag<\/em> (an online poetry journal for young people). She is currently involved in the Irish Pro-Choice campaign. <center>For more about Kathy visit <a href=\"http:\/\/kathydarcy.com\">kathydarcy.com<\/a><\/center><br \/>\n&nbsp;<\/p>\n<p><\/font><\/p>\n<p><\/font><\/p>\n<p><\/font><\/p>\n<p><\/font><\/p>\n<p><\/font><\/p>\n<hr \/>\n<p><a name=\"29thJanuary\"><\/a><br \/>\n<center><font size=\"2\"><em>29th January<\/em><\/p>\n<p><strong>Paula Meehan<\/strong><\/p>\n<p>You can listen to Paula&#8217;s reading <a href=\"https:\/\/www.obheal.ie\/blog\/audio\/Guest Reading - Paula Meehan.mp3\">here<\/a>.<\/font><\/center><\/p>\n<p><font color=\"silver\"><img decoding=\"async\" border=\"1\" align=\"right\" src=\"https:\/\/www.obheal.ie\/blog\/wp-content\/uploads\/2017\/11\/PaulaMeehanSm.jpg\"\/><\/font><font size=\"1\"> Born in Dublin, where she still lives, and educated at Trinity College and in the United States, <strong>Paula Meehan<\/strong>, has published seven award winning collections of poetry including <i>Dharmakaya<\/i> and <i>Painting Rain<\/i>. She has written plays for both adults and children, notably <i>Cell<\/i>, a play about women prisoners, and <i>The Wolf of Winter<\/i>, an ecological fairy tale. <i>Music for Dogs<\/i> collects three plays concerned with suicide during the economic boom years in Ireland. <\/p>\n<p>Dedalus Press have republished <i>Mysteries of the Home<\/i>, seminal poems from the 1980s and the 1990s. In 2015, she received the Lawrence O\u2019Shaughnessy Award for Irish Poetry. She was Ireland Professor of Poetry 2013-2016, and is a member of Aosd\u00e1na, the Irish Academy for the Arts. Two recent volumes are <i>Imaginary Bonnets with Real Bees in Them<\/i>, her three public lectures given as part of the Professorship, from UCD Press, Dublin, June of 2016, and <i>Geomantic<\/i>, a long poem in 81 parts (Dedalus Press, Dublin, November of 2016). In 2017 she received a Cholmondeley Award for Poetry.<br \/>\n&nbsp;<\/p>\n<hr \/>\n<p><\/font><\/p>\n","protected":false},"excerpt":{"rendered":"<p>December and January 4th December &#211; Bh&eacute;al in association with Foras na Gaeilge presents Stiof\u00e1n \u00d3 Cadhla You can listen to Stiof\u00e1n&#8217;s reading here. Stiof\u00e1n \u00d3 Cadhla was born in Ring. He is Head of the Department of Folklore in UCC. He has published two collections of poetry An Creidmheachach D\u00e9anach and Tarraing Na Cuirt\u00edn\u00ed, [&hellip;]<\/p>\n","protected":false},"author":1,"featured_media":0,"parent":19,"menu_order":0,"comment_status":"closed","ping_status":"closed","template":"","meta":{"_uf_show_specific_survey":0,"_uf_disable_surveys":false,"footnotes":""},"class_list":["post-7930","page","type-page","status-publish","hentry"],"_links":{"self":[{"href":"https:\/\/www.obheal.ie\/blog\/wp-json\/wp\/v2\/pages\/7930","targetHints":{"allow":["GET"]}}],"collection":[{"href":"https:\/\/www.obheal.ie\/blog\/wp-json\/wp\/v2\/pages"}],"about":[{"href":"https:\/\/www.obheal.ie\/blog\/wp-json\/wp\/v2\/types\/page"}],"author":[{"embeddable":true,"href":"https:\/\/www.obheal.ie\/blog\/wp-json\/wp\/v2\/users\/1"}],"replies":[{"embeddable":true,"href":"https:\/\/www.obheal.ie\/blog\/wp-json\/wp\/v2\/comments?post=7930"}],"version-history":[{"count":132,"href":"https:\/\/www.obheal.ie\/blog\/wp-json\/wp\/v2\/pages\/7930\/revisions"}],"predecessor-version":[{"id":22008,"href":"https:\/\/www.obheal.ie\/blog\/wp-json\/wp\/v2\/pages\/7930\/revisions\/22008"}],"up":[{"embeddable":true,"href":"https:\/\/www.obheal.ie\/blog\/wp-json\/wp\/v2\/pages\/19"}],"wp:attachment":[{"href":"https:\/\/www.obheal.ie\/blog\/wp-json\/wp\/v2\/media?parent=7930"}],"curies":[{"name":"wp","href":"https:\/\/api.w.org\/{rel}","templated":true}]}}