{"id":62,"date":"2008-11-19T22:17:22","date_gmt":"2008-11-19T21:17:22","guid":{"rendered":"http:\/\/www.obheal.ie\/blog\/?page_id=62"},"modified":"2020-04-18T15:59:04","modified_gmt":"2020-04-18T15:59:04","slug":"cork-coventry-twin-poetry","status":"publish","type":"page","link":"https:\/\/www.obheal.ie\/blog\/festival-videos-and-reviews\/cork-coventry-twin-poetry\/","title":{"rendered":"Cork &#038; Coventry Twin Poetry"},"content":{"rendered":"<p><font color=\"silver\"><img loading=\"lazy\" decoding=\"async\" src=\"https:\/\/www.obheal.ie\/blog\/wp-content\/uploads\/2008\/11\/CorkCoventryArms.jpg\" width=\"230\" height=\"120\" border=\"1\" align=\"right\"\/><\/font><\/p>\n<p><center><strong>Cork-Coventry<br \/>\nTwin Cities Celebration<\/strong><\/p>\n<p><i>with poetry from<\/i><\/p>\n<p><strong>Jon Morley and Anthony Owen<\/strong><\/p>\n<p><\/center><\/p>\n<p><center>17 November 2008<\/center><\/p>\n<p>Cork&#8217;s first Twin City was Coventry, established in 1958. In celebrating the 50th anniversary of this valuable relationship, \u00d3 Bh\u00e9al hosted two of Coventry&#8217;s more prominent masters of verse, Jonathan Morley and Anthony Owen. The evening was attended by Deputy Lord Mayor Jim Corr, who addressed the audience with an inspired speech, acknowledging the importance of poetry and the long-established link between the two cities.<\/p>\n<p>As Anthony had to reluctantly fly back due to unforeseen circumstances, six of \u00d3 Bh\u00e9al&#8217;s regular poets, Billy Ramsell, Alan Coakley, Daw Harding, Joe Sweeney, Br\u00edd Buckley and myself  each read one of his poems, before Jonathan Morley took to the stage to recite from his forthcoming collection, <i>Backra Man<\/i>.<\/p>\n<hr \/>\n<p><center><strong><font size=\"1\">Videos of the Evening<\/font><\/strong><\/p>\n<hr \/>\n<p><strong>Opening Address<\/strong><br \/>\n<iframe loading=\"lazy\" src=\"https:\/\/www.youtube.com\/embed\/LB0oZFHTJ2k\" allowfullscreen=\"\" width=\"490\" height=\"270\" frameborder=\"0\"><\/iframe><br \/>\n<strong>Lord Mayor Jim Corr opens the celebration<\/strong><\/p>\n<hr \/>\n<p><strong><font size=\"1\">\u00d3 Bh\u00e9al poets read the verse of Anthony Owen<\/font><\/strong><\/p>\n<hr \/>\n<p><strong>Billy Ramsell<\/strong><br \/>\n<iframe loading=\"lazy\" src=\"https:\/\/www.youtube.com\/embed\/CaoFSiRzNGg\" allowfullscreen=\"\" width=\"490\" height=\"270\" frameborder=\"0\"><\/iframe><br \/>\n<strong>The Copper Man<\/strong> (by Anthony Owen)<\/p>\n<hr \/>\n<p><strong>Alan Coakley<\/strong><br \/>\n<iframe loading=\"lazy\" src=\"https:\/\/www.youtube.com\/embed\/RFxy0oL23Kg\" allowfullscreen=\"\" width=\"490\" height=\"270\" frameborder=\"0\"><\/iframe><br \/>\n<strong>The Cowardice of Francis Evans<\/strong> (by Anthony Owen)<\/p>\n<hr \/>\n<p><strong>Daw Harding<\/strong><br \/>\n<iframe loading=\"lazy\" src=\"https:\/\/www.youtube.com\/embed\/PwlKjwUSsVk\" allowfullscreen=\"\" width=\"490\" height=\"270\" frameborder=\"0\"><\/iframe><br \/>\n<strong>Cigarette Starlette<\/strong> (by Anthony Owen)<\/p>\n<hr \/>\n<p><strong>Joe Sweeney<\/strong><br \/>\n<iframe loading=\"lazy\" src=\"https:\/\/www.youtube.com\/embed\/wiF8tKgwBqs\" allowfullscreen=\"\" width=\"490\" height=\"270\" frameborder=\"0\"><\/iframe><br \/>\n<strong>Porcelain<\/strong> (by Anthony Owen)<\/p>\n<hr \/>\n<p><strong>Br\u00edd Buckley<\/strong><br \/>\n<iframe loading=\"lazy\" src=\"https:\/\/www.youtube.com\/embed\/soRUEbOsTss\" allowfullscreen=\"\" width=\"490\" height=\"270\" frameborder=\"0\"><\/iframe><br \/>\n<strong>Room 17 Ashford Hospital<\/strong> (by Anthony Owen)<\/p>\n<hr \/>\n<p><strong><font size=\"1\">The poetry of Jonathan Morley<\/font><\/strong><\/p>\n<hr \/>\n<p><iframe loading=\"lazy\" src=\"https:\/\/www.youtube.com\/embed\/UR-EkU9TxFA\" allowfullscreen=\"\" width=\"490\" height=\"270\" frameborder=\"0\"><\/iframe><br \/>\n<strong>Fabula <font face=\"1\">(trans. from the original of Jos\u00e9 Craveirinha)<\/font><\/strong><\/p>\n<p><iframe loading=\"lazy\" src=\"https:\/\/www.youtube.com\/embed\/8SSy7oHJPCM\" allowfullscreen=\"\" width=\"490\" height=\"270\" frameborder=\"0\"><\/iframe><br \/>\n<strong>My Father&#8217;s Eyes were Blue<\/strong> (by Anthony Owen)<\/p>\n<p><iframe loading=\"lazy\" src=\"https:\/\/www.youtube.com\/embed\/ZWMxwgOA04w\" allowfullscreen=\"\" width=\"490\" height=\"270\" frameborder=\"0\"><\/iframe><br \/>\n<strong>Iberian Baroque<\/strong><\/p>\n<p><iframe loading=\"lazy\" src=\"https:\/\/www.youtube.com\/embed\/PdHPpIORVYU\" allowfullscreen=\"\" width=\"490\" height=\"270\" frameborder=\"0\"><\/iframe><br \/>\n<strong>Spon<\/strong><\/p>\n<p><iframe loading=\"lazy\" src=\"https:\/\/www.youtube.com\/embed\/NVTdI_vnDW4\" allowfullscreen=\"\" width=\"490\" height=\"270\" frameborder=\"0\"><\/iframe><br \/>\n<strong>Duskfall<\/strong><\/p>\n<p><iframe loading=\"lazy\" src=\"https:\/\/www.youtube.com\/embed\/iUf_K_doIyY\" allowfullscreen=\"\" width=\"490\" height=\"270\" frameborder=\"0\"><\/iframe><br \/>\n<strong>Bomb<\/strong><\/p>\n<p><iframe loading=\"lazy\" src=\"https:\/\/www.youtube.com\/embed\/nn_PM1-Lbi8\" allowfullscreen=\"\" width=\"490\" height=\"270\" frameborder=\"0\"><\/iframe><br \/>\n<strong>From the Spanish Gypsey<\/strong><\/p>\n<p><iframe loading=\"lazy\" src=\"https:\/\/www.youtube.com\/embed\/TIfasusijkw\" allowfullscreen=\"\" width=\"490\" height=\"270\" frameborder=\"0\"><\/iframe><br \/>\n<strong>Coventry Boys<\/strong><\/p>\n<p><iframe loading=\"lazy\" src=\"https:\/\/www.youtube.com\/embed\/yH3lxdxXnT0\" allowfullscreen=\"\" width=\"490\" height=\"270\" frameborder=\"0\"><\/iframe><br \/>\n<strong>On First Looking into Cecily Jones&#8217; Ingendering Whiteness<\/strong><\/p>\n<p><iframe loading=\"lazy\" src=\"https:\/\/www.youtube.com\/embed\/g2z2yP-x63s\" allowfullscreen=\"\" width=\"490\" height=\"270\" frameborder=\"0\"><\/iframe><br \/>\n<strong>For Lee Miller<\/strong><\/p>\n<p><iframe loading=\"lazy\" src=\"https:\/\/www.youtube.com\/embed\/8SLHCkns3cQ\" allowfullscreen=\"\" width=\"490\" height=\"270\" frameborder=\"0\"><\/iframe><br \/>\n<strong>Disillusion<\/strong><\/p>\n<p><iframe loading=\"lazy\" src=\"https:\/\/www.youtube.com\/embed\/ChrEbLGgmAk\" allowfullscreen=\"\" width=\"490\" height=\"270\" frameborder=\"0\"><\/iframe><br \/>\n<strong>Dobesh Snail<\/strong><\/p>\n<hr \/>\n<p><\/center><\/p>\n","protected":false},"excerpt":{"rendered":"<p>Cork-Coventry Twin Cities Celebration with poetry from Jon Morley and Anthony Owen 17 November 2008 Cork&#8217;s first Twin City was Coventry, established in 1958. In celebrating the 50th anniversary of this valuable relationship, \u00d3 Bh\u00e9al hosted two of Coventry&#8217;s more prominent masters of verse, Jonathan Morley and Anthony Owen. The evening was attended by Deputy [&hellip;]<\/p>\n","protected":false},"author":1,"featured_media":0,"parent":24,"menu_order":0,"comment_status":"open","ping_status":"open","template":"","meta":{"_uf_show_specific_survey":0,"_uf_disable_surveys":false,"footnotes":""},"class_list":["post-62","page","type-page","status-publish","hentry"],"_links":{"self":[{"href":"https:\/\/www.obheal.ie\/blog\/wp-json\/wp\/v2\/pages\/62","targetHints":{"allow":["GET"]}}],"collection":[{"href":"https:\/\/www.obheal.ie\/blog\/wp-json\/wp\/v2\/pages"}],"about":[{"href":"https:\/\/www.obheal.ie\/blog\/wp-json\/wp\/v2\/types\/page"}],"author":[{"embeddable":true,"href":"https:\/\/www.obheal.ie\/blog\/wp-json\/wp\/v2\/users\/1"}],"replies":[{"embeddable":true,"href":"https:\/\/www.obheal.ie\/blog\/wp-json\/wp\/v2\/comments?post=62"}],"version-history":[{"count":3,"href":"https:\/\/www.obheal.ie\/blog\/wp-json\/wp\/v2\/pages\/62\/revisions"}],"predecessor-version":[{"id":15327,"href":"https:\/\/www.obheal.ie\/blog\/wp-json\/wp\/v2\/pages\/62\/revisions\/15327"}],"up":[{"embeddable":true,"href":"https:\/\/www.obheal.ie\/blog\/wp-json\/wp\/v2\/pages\/24"}],"wp:attachment":[{"href":"https:\/\/www.obheal.ie\/blog\/wp-json\/wp\/v2\/media?parent=62"}],"curies":[{"name":"wp","href":"https:\/\/api.w.org\/{rel}","templated":true}]}}