{"id":3206,"date":"2014-03-04T21:41:07","date_gmt":"2014-03-04T21:41:07","guid":{"rendered":"http:\/\/www.obheal.ie\/blog\/?page_id=3206"},"modified":"2020-10-17T10:28:27","modified_gmt":"2020-10-17T10:28:27","slug":"winter-warmer-videos-2013","status":"publish","type":"page","link":"https:\/\/www.obheal.ie\/blog\/winter-warmer-poetry-festival\/winter-warmer-videos-2013\/","title":{"rendered":"Winter Warmer Videos 2013"},"content":{"rendered":"<p><font color=\"silver\"><img decoding=\"async\" border=\"0\" src=\"https:\/\/www.obheal.ie\/WinterWarmer\/Winter Warmer 2013vsm.jpg\"\/><\/font><\/p>\n<p>&nbsp;<\/p>\n<p><center><strong>Winter Warmer Videos 2013<\/strong><\/center><\/p>\n<p><center>15th-16th October<\/center><\/p>\n<p>&nbsp;<\/p>\n<p>One video from each performance at the 1st Winter Warmer festival, in order of appearance.<\/p>\n<p><center><br \/>\n&nbsp;<\/p>\n<hr \/>\n<p><strong>S\u00e9amus Barra \u00d3 S\u00failleabh\u00e1in<\/strong><br \/>\n<iframe loading=\"lazy\" title=\"S\u00e9amus Barra \u00d3 S\u00failleabh\u00e1in - Ode to \u00c9ire, Banbha and F\u00f3dhla\" width=\"500\" height=\"375\" src=\"https:\/\/www.youtube.com\/embed\/hSthSTSxCOg?feature=oembed\" frameborder=\"0\" allow=\"accelerometer; autoplay; clipboard-write; encrypted-media; gyroscope; picture-in-picture; web-share\" referrerpolicy=\"strict-origin-when-cross-origin\" allowfullscreen><\/iframe><br \/>\n(3 part) Ode to \u00c9ire, Banbha, F\u00f3dhla<\/p>\n<hr \/>\n<p><strong>Cal Doyle<\/strong><br \/>\n<iframe loading=\"lazy\" title=\"Cal Doyle - Evening Prayer\" width=\"500\" height=\"375\" src=\"https:\/\/www.youtube.com\/embed\/WaSeFUAocFU?feature=oembed\" frameborder=\"0\" allow=\"accelerometer; autoplay; clipboard-write; encrypted-media; gyroscope; picture-in-picture; web-share\" referrerpolicy=\"strict-origin-when-cross-origin\" allowfullscreen><\/iframe><br \/>\nEvening Prayer<\/p>\n<hr \/>\n<p><strong>Marie Coveney<\/strong><br \/>\n<iframe loading=\"lazy\" title=\"Marie Coveney - Homes\" width=\"500\" height=\"281\" src=\"https:\/\/www.youtube.com\/embed\/CzjFAnPjJYE?feature=oembed\" frameborder=\"0\" allow=\"accelerometer; autoplay; clipboard-write; encrypted-media; gyroscope; picture-in-picture; web-share\" referrerpolicy=\"strict-origin-when-cross-origin\" allowfullscreen><\/iframe><br \/>\nHomes<\/p>\n<hr \/>\n<p><strong>Rachel Warriner<\/strong><br \/>\n<iframe loading=\"lazy\" title=\"Rachel Warriner reads from  Fine Lament\" width=\"500\" height=\"281\" src=\"https:\/\/www.youtube.com\/embed\/D4Pif4qjCIM?feature=oembed\" frameborder=\"0\" allow=\"accelerometer; autoplay; clipboard-write; encrypted-media; gyroscope; picture-in-picture; web-share\" referrerpolicy=\"strict-origin-when-cross-origin\" allowfullscreen><\/iframe><br \/>\nfrom Fine Lament<\/p>\n<hr \/>\n<p><strong>Cathal Holden<\/strong><br \/>\n<iframe loading=\"lazy\" title=\"Cathal Holden - The Emperor&#039;s new Philosophy\" width=\"500\" height=\"281\" src=\"https:\/\/www.youtube.com\/embed\/1pcTr-UHTCo?feature=oembed\" frameborder=\"0\" allow=\"accelerometer; autoplay; clipboard-write; encrypted-media; gyroscope; picture-in-picture; web-share\" referrerpolicy=\"strict-origin-when-cross-origin\" allowfullscreen><\/iframe><br \/>\nThe Emperor&#8217;s new Philosophy<\/p>\n<hr \/>\n<p><strong>Michael Ray<\/strong><br \/>\n<iframe loading=\"lazy\" title=\"Michael Ray - The City is a Bitch waiting outside Kent Street Station\" width=\"500\" height=\"281\" src=\"https:\/\/www.youtube.com\/embed\/AWXAQIIBN5w?feature=oembed\" frameborder=\"0\" allow=\"accelerometer; autoplay; clipboard-write; encrypted-media; gyroscope; picture-in-picture; web-share\" referrerpolicy=\"strict-origin-when-cross-origin\" allowfullscreen><\/iframe><br \/>\nThe city is a bitch waiting outside Kent street station<\/p>\n<hr \/>\n<p><strong>Oikos<\/strong><br \/>\n<iframe loading=\"lazy\" title=\"Oikos - Paperweight\" width=\"500\" height=\"281\" src=\"https:\/\/www.youtube.com\/embed\/mhjWRf5y3Lg?feature=oembed\" frameborder=\"0\" allow=\"accelerometer; autoplay; clipboard-write; encrypted-media; gyroscope; picture-in-picture; web-share\" referrerpolicy=\"strict-origin-when-cross-origin\" allowfullscreen><\/iframe><br \/>\nfrom Paperweight<\/p>\n<hr \/>\n<p><strong>Lady Grew<\/strong><br \/>\n<iframe loading=\"lazy\" title=\"Lady Grew at the \u00d3 Bh\u00e9al Winter Warmer festival of poetry\" width=\"500\" height=\"281\" src=\"https:\/\/www.youtube.com\/embed\/ooQJ_yBC8Jg?feature=oembed\" frameborder=\"0\" allow=\"accelerometer; autoplay; clipboard-write; encrypted-media; gyroscope; picture-in-picture; web-share\" referrerpolicy=\"strict-origin-when-cross-origin\" allowfullscreen><\/iframe><br \/>\nperforms the audience up into the amphitheatre<\/p>\n<hr \/>\n<p><strong>Dimitra Xidous<\/strong><br \/>\n<iframe loading=\"lazy\" title=\"Dimitra Xidous - Vinegar\" width=\"500\" height=\"281\" src=\"https:\/\/www.youtube.com\/embed\/KxqEImaAfdQ?feature=oembed\" frameborder=\"0\" allow=\"accelerometer; autoplay; clipboard-write; encrypted-media; gyroscope; picture-in-picture; web-share\" referrerpolicy=\"strict-origin-when-cross-origin\" allowfullscreen><\/iframe><br \/>\nVinegar<\/p>\n<hr \/>\n<p><strong>Christy Parker<\/strong><br \/>\n<iframe loading=\"lazy\" title=\"Christy Parker - Daily Meditation\" width=\"500\" height=\"281\" src=\"https:\/\/www.youtube.com\/embed\/sbEnj1SnTtY?feature=oembed\" frameborder=\"0\" allow=\"accelerometer; autoplay; clipboard-write; encrypted-media; gyroscope; picture-in-picture; web-share\" referrerpolicy=\"strict-origin-when-cross-origin\" allowfullscreen><\/iframe><br \/>\nDaily Meditation<\/p>\n<hr \/>\n<p><strong>Sarah Hayden<\/strong><br \/>\n<iframe loading=\"lazy\" title=\"Sarah Hayden reads from Exteroceptive\" width=\"500\" height=\"281\" src=\"https:\/\/www.youtube.com\/embed\/A4xfjpOLPHc?feature=oembed\" frameborder=\"0\" allow=\"accelerometer; autoplay; clipboard-write; encrypted-media; gyroscope; picture-in-picture; web-share\" referrerpolicy=\"strict-origin-when-cross-origin\" allowfullscreen><\/iframe><br \/>\nfrom Exteroceptive<\/p>\n<hr \/>\n<p><strong>Alan Titley<\/strong><br \/>\n<iframe loading=\"lazy\" title=\"Alan Titley - The Banker\" width=\"500\" height=\"281\" src=\"https:\/\/www.youtube.com\/embed\/xFNgsrr-np4?feature=oembed\" frameborder=\"0\" allow=\"accelerometer; autoplay; clipboard-write; encrypted-media; gyroscope; picture-in-picture; web-share\" referrerpolicy=\"strict-origin-when-cross-origin\" allowfullscreen><\/iframe><br \/>\nfrom The Banker<\/p>\n<hr \/>\n<p><strong>Robyn Rowland<\/strong><br \/>\n<iframe loading=\"lazy\" title=\"Robyn Rowland - Children of Gallipoli\" width=\"500\" height=\"281\" src=\"https:\/\/www.youtube.com\/embed\/JJsQSr0rLGo?feature=oembed\" frameborder=\"0\" allow=\"accelerometer; autoplay; clipboard-write; encrypted-media; gyroscope; picture-in-picture; web-share\" referrerpolicy=\"strict-origin-when-cross-origin\" allowfullscreen><\/iframe><br \/>\nChildren of Gallipoli<\/p>\n<hr \/>\n<p><strong>Patrick Cotter<\/strong><br \/>\n<iframe loading=\"lazy\" title=\"Patrick Cotter - The Comforting Pleasures of Sadness\" width=\"500\" height=\"281\" src=\"https:\/\/www.youtube.com\/embed\/9_yZd9fkcMY?feature=oembed\" frameborder=\"0\" allow=\"accelerometer; autoplay; clipboard-write; encrypted-media; gyroscope; picture-in-picture; web-share\" referrerpolicy=\"strict-origin-when-cross-origin\" allowfullscreen><\/iframe><br \/>\nThe Comforting Pleasures of Sadness<\/p>\n<hr \/>\n<p><strong>Jimmy Cummins<\/strong><br \/>\n<iframe loading=\"lazy\" title=\"James Cummins - FLASH\/BANG\" width=\"500\" height=\"281\" src=\"https:\/\/www.youtube.com\/embed\/7IfmLDDftQQ?feature=oembed\" frameborder=\"0\" allow=\"accelerometer; autoplay; clipboard-write; encrypted-media; gyroscope; picture-in-picture; web-share\" referrerpolicy=\"strict-origin-when-cross-origin\" allowfullscreen><\/iframe><br \/>\nFLASH\/BANG<\/p>\n<hr \/>\n<p><strong>Conor McManus<\/strong><br \/>\n<iframe loading=\"lazy\" title=\"Conor McManus - Fishing in Leitrim\" width=\"500\" height=\"281\" src=\"https:\/\/www.youtube.com\/embed\/LKazOxPUhyI?feature=oembed\" frameborder=\"0\" allow=\"accelerometer; autoplay; clipboard-write; encrypted-media; gyroscope; picture-in-picture; web-share\" referrerpolicy=\"strict-origin-when-cross-origin\" allowfullscreen><\/iframe><br \/>\nFishing in Leitrim<\/p>\n<hr \/>\n<p><strong>Julie Goo<\/strong><br \/>\n<iframe loading=\"lazy\" title=\"Julie Goo - Tomorrow&#039;s Girl\" width=\"500\" height=\"281\" src=\"https:\/\/www.youtube.com\/embed\/CphTyp3whXg?feature=oembed\" frameborder=\"0\" allow=\"accelerometer; autoplay; clipboard-write; encrypted-media; gyroscope; picture-in-picture; web-share\" referrerpolicy=\"strict-origin-when-cross-origin\" allowfullscreen><\/iframe><br \/>\nTomorrow&#8217;s Girl<\/p>\n<hr \/>\n<p><strong>Doireann N\u00ed Ghr\u00edofa<\/strong> with <strong>Stephen Moore<\/strong><br \/>\n<iframe loading=\"lazy\" title=\"Doireann N\u00ed Ghr\u00edofa and Stephen Moore - Lighthouse Sestina\" width=\"500\" height=\"281\" src=\"https:\/\/www.youtube.com\/embed\/Cb-2d-3diRA?feature=oembed\" frameborder=\"0\" allow=\"accelerometer; autoplay; clipboard-write; encrypted-media; gyroscope; picture-in-picture; web-share\" referrerpolicy=\"strict-origin-when-cross-origin\" allowfullscreen><\/iframe><br \/>\nLighthouse Sestina<\/p>\n<hr \/>\n<p><strong>Kit Fryatt<\/strong><br \/>\n<iframe loading=\"lazy\" title=\"Kit Fryatt - Rain Down Can\" width=\"500\" height=\"281\" src=\"https:\/\/www.youtube.com\/embed\/FTcyc2biZnY?feature=oembed\" frameborder=\"0\" allow=\"accelerometer; autoplay; clipboard-write; encrypted-media; gyroscope; picture-in-picture; web-share\" referrerpolicy=\"strict-origin-when-cross-origin\" allowfullscreen><\/iframe><br \/>\nRain Down Can<\/p>\n<hr \/>\n<p><strong>Raven<\/strong><br \/>\n<iframe loading=\"lazy\" title=\"Raven - No Testament\" width=\"500\" height=\"281\" src=\"https:\/\/www.youtube.com\/embed\/CpQIkqDb-dI?feature=oembed\" frameborder=\"0\" allow=\"accelerometer; autoplay; clipboard-write; encrypted-media; gyroscope; picture-in-picture; web-share\" referrerpolicy=\"strict-origin-when-cross-origin\" allowfullscreen><\/iframe><br \/>\nNo Testament<\/p>\n<hr \/>\n<p><strong>Anamar\u00eda Crowe Serrano<\/strong><br \/>\n<iframe loading=\"lazy\" title=\"Anamar\u00eda Crowe Serrano - one columbus leap\" width=\"500\" height=\"281\" src=\"https:\/\/www.youtube.com\/embed\/dWeeKQuzbD8?feature=oembed\" frameborder=\"0\" allow=\"accelerometer; autoplay; clipboard-write; encrypted-media; gyroscope; picture-in-picture; web-share\" referrerpolicy=\"strict-origin-when-cross-origin\" allowfullscreen><\/iframe><br \/>\none columbus leap<\/p>\n<hr \/>\n<p><strong>Matthew Geden<\/strong> with <strong>Michael O&#8217;Callaghan<\/strong><br \/>\n<iframe loading=\"lazy\" title=\"Matthew Geden and Michael O&#039;Callaghan - Blow-in\" width=\"500\" height=\"281\" src=\"https:\/\/www.youtube.com\/embed\/QoxP1vpZM6Q?feature=oembed\" frameborder=\"0\" allow=\"accelerometer; autoplay; clipboard-write; encrypted-media; gyroscope; picture-in-picture; web-share\" referrerpolicy=\"strict-origin-when-cross-origin\" allowfullscreen><\/iframe><br \/>\nBlow-in<\/p>\n<hr \/>\n<p><\/center><\/p>\n","protected":false},"excerpt":{"rendered":"<p>&nbsp; Winter Warmer Videos 2013 15th-16th October &nbsp; One video from each performance at the 1st Winter Warmer festival, in order of appearance. &nbsp; S\u00e9amus Barra \u00d3 S\u00failleabh\u00e1in (3 part) Ode to \u00c9ire, Banbha, F\u00f3dhla Cal Doyle Evening Prayer Marie Coveney Homes Rachel Warriner from Fine Lament Cathal Holden The Emperor&#8217;s new Philosophy Michael Ray [&hellip;]<\/p>\n","protected":false},"author":1,"featured_media":0,"parent":12873,"menu_order":0,"comment_status":"closed","ping_status":"open","template":"","meta":{"_uf_show_specific_survey":0,"_uf_disable_surveys":false,"footnotes":""},"class_list":["post-3206","page","type-page","status-publish","hentry"],"_links":{"self":[{"href":"https:\/\/www.obheal.ie\/blog\/wp-json\/wp\/v2\/pages\/3206","targetHints":{"allow":["GET"]}}],"collection":[{"href":"https:\/\/www.obheal.ie\/blog\/wp-json\/wp\/v2\/pages"}],"about":[{"href":"https:\/\/www.obheal.ie\/blog\/wp-json\/wp\/v2\/types\/page"}],"author":[{"embeddable":true,"href":"https:\/\/www.obheal.ie\/blog\/wp-json\/wp\/v2\/users\/1"}],"replies":[{"embeddable":true,"href":"https:\/\/www.obheal.ie\/blog\/wp-json\/wp\/v2\/comments?post=3206"}],"version-history":[{"count":1,"href":"https:\/\/www.obheal.ie\/blog\/wp-json\/wp\/v2\/pages\/3206\/revisions"}],"predecessor-version":[{"id":15970,"href":"https:\/\/www.obheal.ie\/blog\/wp-json\/wp\/v2\/pages\/3206\/revisions\/15970"}],"up":[{"embeddable":true,"href":"https:\/\/www.obheal.ie\/blog\/wp-json\/wp\/v2\/pages\/12873"}],"wp:attachment":[{"href":"https:\/\/www.obheal.ie\/blog\/wp-json\/wp\/v2\/media?parent=3206"}],"curies":[{"name":"wp","href":"https:\/\/api.w.org\/{rel}","templated":true}]}}