{"id":2977,"date":"2013-11-24T19:59:50","date_gmt":"2013-11-24T19:59:50","guid":{"rendered":"http:\/\/www.obheal.ie\/blog\/?page_id=2977"},"modified":"2014-02-02T21:48:35","modified_gmt":"2014-02-02T21:48:35","slug":"guests-40-dec-13jan-14","status":"publish","type":"page","link":"https:\/\/www.obheal.ie\/blog\/guest-poets\/guests-40-dec-13jan-14\/","title":{"rendered":"Guests (40) Dec 13\/Jan 14"},"content":{"rendered":"<hr \/>\n<p><center><strong>December and January<\/strong><\/center><\/p>\n<hr \/>\n<p><center><em>2nd December<\/em><\/p>\n<p><font size=\"1\" color=\"green\"><strong>&Oacute; Bh&eacute;al<\/strong><\/font> <font size=\"1\">in association with <\/font><font size=\"1\" color=\"green\"><strong>Foras na Gaeilge<\/strong><\/font><font size=\"1\"><\/p>\n<p><em>presents a bi-lingual evening with<\/em><\/font><\/p>\n<p><strong>Dairena N\u00ed Chinn\u00e9ide<\/strong><\/p>\n<p>You can listen to Dairena&#8217;s reading <a href=\"https:\/\/www.obheal.ie\/blog\/audio\/Guest Reading - Dairena Ni Chinneide 2013.mp3\">here<\/a>.<\/center><\/p>\n<p><font color=\"silver\"><img loading=\"lazy\" decoding=\"async\" width=\"77\" height=\"100\" border=\"1\" align=\"right\" src=\"https:\/\/www.obheal.ie\/blog\/wp-content\/uploads\/2013\/11\/DareinaNiChinneideSm.jpg\"\/><\/font><font size=\"1\"><strong>Dairena N\u00ed Chinn\u00e9ide<\/strong>&#8216;s most recent book <em>Cloithear Aistear Anama<\/em> was published by Coisc\u00e9im in November 2013. A collection of meditation poems written in the stunning surroundings of Clogher beach on the Dingle Peninsula, this is Dairena&#8217;s sixth poetry collection. Among her other collections are <em>An Troda\u00ed &#038; D\u00e1nta Eile \/ The Warrior &#038; Other Poems<\/em> published by Cl\u00f3 Iar Chonnacht and <em>Bleachtaire na Seirce<\/em> published by Coisc\u00e9im. Her new bilingual collection <em>S\u00ed [sh-e]<\/em> is just completed and she is currently working on Irish translations of Russian poet Marina Tsvetaeva.  For further info visit <a href=\"http:\/\/www.dairenanichinneide.com\">www.dairenanichinneide.com<\/a>.<\/p>\n<p><\/font><\/p>\n<p>&nbsp;<\/p>\n<hr \/>\n<p><a name=\"9thDecember\"><\/a><br \/>\n<center><em>9th December<\/em><\/p>\n<p><strong>Joseph Horgan<\/strong><\/p>\n<p>You can listen to Joseph&#8217;s reading <a href=\"https:\/\/www.obheal.ie\/blog\/audio\/Guest Reading - Joseph Horgan2013.mp3\">here<\/a>.<\/center><\/p>\n<p><font color=\"silver\"><img loading=\"lazy\" decoding=\"async\" width=\"92\" height=\"100\" border=\"1\" align=\"right\" src=\"https:\/\/www.obheal.ie\/blog\/wp-content\/uploads\/2013\/11\/JosephHorganSm.jpg\"\/><\/font><font size=\"1\"><strong>Joseph Horgan<\/strong> was born in Birmingham, England of Irish immigrant parents and it is this background that forms much of the character of his work. He is a poet, writer, journalist and reviewer.  He is a past winner of the Patrick Kavanagh Award and was previously shortlisted for a Hennessy Award.  He is the author of two poetry collections and a prose work.  His first collection <em>Slipping Letters Beneath the Sea<\/em> (2008) was published by Doghouse and contained much of the work awarded the Patrick Kavanagh prize.  His second book, The Song at Your Backdoor (Collins Press, 2010), a prose work about identity and place was chosen as an RTE Book on One.  His third book, <em>An Unscheduled Life<\/em> (2012) was published by Agenda Editions, and was a collaboration in poetry and pictures with the artist Brian Whelan. His work has appeared in various journals including Irish Pages, The Stinging Fly, Poetry Ireland Review, The Shop and Agenda. His current work is a collaboration with the poet Antony Owen and he is also completing a second solo collection.<br \/>\n<\/font>\n<\/p>\n<p><center><font size=\"1\"><strong>Joseph<\/strong> <em>will be accompanied by musician<\/em> <\/font><strong><font size=\"1\">Adrian Boyle<\/font><\/strong><\/center><\/p>\n<p><font color=\"silver\"><img loading=\"lazy\" decoding=\"async\" width=\"87\" height=\"100\" border=\"1\" align=\"right\" src=\"https:\/\/www.obheal.ie\/blog\/wp-content\/uploads\/2013\/11\/AdrianBoyleSm.jpg\"\/><\/font><font size=\"1\"><strong>Adrian Boyle<\/strong> is a traditional musician from Bray, Co Wicklow. He is a flute player, percussionist and accordianist. Reared in the culture of Irish traditional music, his father was his first teacher. He is a well respected session musician, music teacher and runs a popular music business at <a href=\"http:\/\/www.the drummingsection.com\">www.thedrummingsection.com<\/a>.  Adrian has arranged a number of traditional tunes for the <em>Men Without Names<\/em> CD he is recording with Joseph Horgan and has composed a number of original tracks.  He plays all of the instruments on the CD which has received funding from Cork County Council Arts Department and is due to be released in the spring of 2014.<br \/>\n<\/font>\n<\/p>\n<p>&nbsp;<\/p>\n<hr \/>\n<p><a name=\"13thJanuary\"><\/a><br \/>\n<center><em>13th January<\/em><\/p>\n<p><strong>Mae Leonard<\/strong><\/p>\n<p>You can listen to Mae&#8217;s reading <a href=\"https:\/\/www.obheal.ie\/blog\/audio\/Guest Reading - Mae Leonard.mp3\">here<\/a>.<\/center><\/p>\n<p><font color=\"silver\"><img loading=\"lazy\" decoding=\"async\" width=\"84\" height=\"100\" border=\"1\" align=\"right\" src=\"https:\/\/www.obheal.ie\/blog\/wp-content\/uploads\/2013\/11\/MaeLeonardSm.jpg\"\/><\/font><font size=\"1\"><strong>Mae Leonard<\/strong> is a poet, children&#8217;s writer and short-story writer from Limerick, now living in Co. Kildare. She is a member of Poetry Ireland\u2019s Writers in Schools programme. For many years she has been broadcast regularly on RTE Radio One\u2019s Sunday Miscellany programme. Her awards include the Gerard Manley Hopkins Poetry Award and the Cecil Day Lewis Award for her collection <i>Six for Gold<\/i> (1988), Scottish International Poetry Awards, The Golden Pen, Francis McManus Short Story Competition and the Belmont Prize for Children\u2019s Poetry. Her collection of poetry <i>I shouldn\u2019t be Telling You This<\/i> was published by Doghouse in 2011.<\/p>\n<p><em>Mae Leonard is a natural storyteller, possessing an unerring ability to build a beguiling narrative out of everyday occurrences.<\/em> &#8211; Cliodhna Ni Anluain<br \/>\n<\/font><\/p>\n<p>&nbsp;<\/p>\n<hr \/>\n<p><a name=\"20thJanuary\"><\/a><br \/>\n<center><em>20th January<\/em><\/p>\n<p><strong>Michael Gallagher<\/strong><\/p>\n<p>You can listen to Michael&#8217;s reading <a href=\"https:\/\/www.obheal.ie\/blog\/audio\/Guest Reading - Michael Gallagher.mp3\">here<\/a>.<\/center><\/p>\n<p><font color=\"silver\"><img loading=\"lazy\" decoding=\"async\" width=\"101\" height=\"100\" border=\"1\" align=\"right\" src=\"https:\/\/www.obheal.ie\/blog\/wp-content\/uploads\/2013\/11\/MikeGallagherSm.jpg\"\/><\/font><font size=\"1\"><strong>Michael Gallagher<\/strong> was born on Achill Island, worked in London for forty years and now lives in Lyreacrompane, Co. Kerry. His poetry, prose and songs have been published  throughout the world and have been translated into Croatian, Japanese, Dutch, German and Chinese. His short stories have been long-listed by both RTE and BBC. <\/p>\n<p>Gallagher reads regularly in venues throughout Ireland and Britain and has guested at the White House and On the Nail in Limerick; Dromineer Literary Festival; Writers Week, Listowel; Scoil Acla, and The Poetry Cafe in London. He won the 2010 Eigse Michael Hartnett viva voce competition and was shortlisted  for the 2011 Hennessy Award. In 2012 he won the Desmond O&#8217;Grady International Poetry Contest. He has also edited a number of poetry and prose books and is editor of thefirstcut, an online literary journal. His poetry collection <em>Stick on Stone<\/em> (Revival Press) was launched at Listowel Writer&#8217;s Week in 2013.<\/p>\n<p><em>&#8230; [Gallagher&#8217;s] poems meld a dispassionate intellect with a passionate heart, transforming the clich\u00e9 of the drunken, fighting Irish.  A pertinent and emotionally-honest work.<\/em> &#8211; Eileen Sheehan<\/p>\n<p><em>His work, at its best, is searingly honest, angry, tender, hurt, ironic. His is the emigrant\u2019s voice, powerful and memorable.<\/em> &#8211; Gabriel Fitzmaurice<\/p>\n<p><\/font><\/p>\n<p>&nbsp;<\/p>\n<hr \/>\n<p><a name=\"27thJanuary\"><\/a><br \/>\n<center><em>27th January<\/em><\/p>\n<p><strong>Annette Skade<\/strong><\/p>\n<p>You can listen to Annette&#8217;s reading <a href=\"https:\/\/www.obheal.ie\/blog\/audio\/Guest Reading - Annette Skade2014.mp3\">here<\/a>.<\/center><\/p>\n<p><font color=\"silver\"><img loading=\"lazy\" decoding=\"async\" width=\"81\" height=\"100\" border=\"1\" align=\"right\" src=\"https:\/\/www.obheal.ie\/blog\/wp-content\/uploads\/2013\/11\/AnnetteSkadeSm.jpg\"\/><\/font><font size=\"1\"><\/font><font size=\"1\"><strong>Annette Skade<\/strong> is an award-winning poet, and teacher, living and writing on the Beara peninsula on Ireland&#8217;s south-west coast.  Her first collection <em>Thimblerig<\/em> was published following her receipt of the Cork Literary Review Manuscript prize in 2012. She has a degree in Ancient Greek and Philosophy from Liverpool University and she has just completed an MA in Poetry Studies from Dublin City University, where she read everything from Anne Carson to the York Mystery Plays, Elizabeth Bishop to Maurice Scully.<\/p>\n<p>Her poems have recently appeared in the SHOp poetry magazine, and Abridged . She won the Poets meet Painters Competition in 2010 and was placed second in 2012 and her work appears in those anthologies. In October 2013 she won the Bailieborough Poetry Festival &#038; Cara Poetry Competition. Her poems are energised by a perspective that is \u2018at once small as a wormhole \/ and wide as the curve of star-netted space.\u2019 For more visit <a href=\"http:\/\/www.annetteskade.com\">www.annetteskade.com<\/a>.<\/p>\n<p><\/font><\/p>\n<hr \/>\n<p>&nbsp;<br \/>\n&nbsp;<br \/>\n&nbsp;<br \/>\n&nbsp;<br \/>\n&nbsp;<br \/>\n&nbsp;<br \/>\n&nbsp;<br \/>\n&nbsp;<br \/>\n&nbsp;<br \/>\n&nbsp;<\/p>\n","protected":false},"excerpt":{"rendered":"<p>December and January 2nd December &Oacute; Bh&eacute;al in association with Foras na Gaeilge presents a bi-lingual evening with Dairena N\u00ed Chinn\u00e9ide You can listen to Dairena&#8217;s reading here. Dairena N\u00ed Chinn\u00e9ide&#8216;s most recent book Cloithear Aistear Anama was published by Coisc\u00e9im in November 2013. A collection of meditation poems written in the stunning surroundings of [&hellip;]<\/p>\n","protected":false},"author":1,"featured_media":0,"parent":19,"menu_order":0,"comment_status":"closed","ping_status":"open","template":"","meta":{"_uf_show_specific_survey":0,"_uf_disable_surveys":false,"footnotes":""},"class_list":["post-2977","page","type-page","status-publish","hentry"],"_links":{"self":[{"href":"https:\/\/www.obheal.ie\/blog\/wp-json\/wp\/v2\/pages\/2977","targetHints":{"allow":["GET"]}}],"collection":[{"href":"https:\/\/www.obheal.ie\/blog\/wp-json\/wp\/v2\/pages"}],"about":[{"href":"https:\/\/www.obheal.ie\/blog\/wp-json\/wp\/v2\/types\/page"}],"author":[{"embeddable":true,"href":"https:\/\/www.obheal.ie\/blog\/wp-json\/wp\/v2\/users\/1"}],"replies":[{"embeddable":true,"href":"https:\/\/www.obheal.ie\/blog\/wp-json\/wp\/v2\/comments?post=2977"}],"version-history":[{"count":0,"href":"https:\/\/www.obheal.ie\/blog\/wp-json\/wp\/v2\/pages\/2977\/revisions"}],"up":[{"embeddable":true,"href":"https:\/\/www.obheal.ie\/blog\/wp-json\/wp\/v2\/pages\/19"}],"wp:attachment":[{"href":"https:\/\/www.obheal.ie\/blog\/wp-json\/wp\/v2\/media?parent=2977"}],"curies":[{"name":"wp","href":"https:\/\/api.w.org\/{rel}","templated":true}]}}