{"id":21820,"date":"2025-01-09T17:16:41","date_gmt":"2025-01-09T17:16:41","guid":{"rendered":"https:\/\/www.obheal.ie\/blog\/?page_id=21820"},"modified":"2025-04-09T16:09:17","modified_gmt":"2025-04-09T16:09:17","slug":"guests-107-feb-mar-2025","status":"publish","type":"page","link":"https:\/\/www.obheal.ie\/blog\/guest-poets\/guests-107-feb-mar-2025\/","title":{"rendered":"Guests> (107) Feb\/Mar 2025"},"content":{"rendered":"<hr \/>\n<p><center><strong>February and March<\/strong><\/center><\/p>\n<hr \/>\n<p><a name=\"10thFebruary\"><\/a><\/p>\n<p><center><em>10th February<\/em><\/p>\n<p><strong><font color=\"green\">New Creative Writing from UCC<\/font><\/strong><\/p>\n<p> <i>&#038; special guest<\/i> <strong>Pam Campbell<\/strong><br \/>\n<\/center><\/p>\n<hr \/>\n<p><img loading=\"lazy\" decoding=\"async\" src=\"https:\/\/www.obheal.ie\/blog\/wp-content\/uploads\/2021\/01\/UCCMACWlogo.jpg\" border=\"0\" width=\"126\" height=\"80\"\/><font size=\"1\">Each February, \u00d3 Bh\u00e9al showcases poets and short fiction writers engaged in UCC&#8217;s <strong>MA Creative Writing<\/strong> programme, to hear them read their new work. This year&#8217;s event features <strong>James Carroll, John O&#8217;Boyle, Leah Sohotra, Lucie Pereira, Jessica Anne Rose, Andie McNamara<\/strong> and <strong>Angelia D&#8217;Souza<\/strong>.<\/font><br \/>\n&nbsp;<\/p>\n<p><center><font size=\"2\">You can listen to all seven poets reading <a href=\"https:\/\/www.obheal.ie\/blog\/audio\/Guest Reading - UCC Creative Writing - 2025-H.mp3\">here<\/a>.<\/font><\/center><\/p>\n<p><font color=\"silver\"><img loading=\"lazy\" decoding=\"async\" src=\"https:\/\/www.obheal.ie\/blog\/wp-content\/uploads\/2025\/01\/JamesCarrollSm.jpg\" width=\"164\" height=\"150\" border=\"1\"\/><\/font><font size=\"1\"><strong>James Carroll<\/strong> is a 22-year old cork native, currently studying the Creative Writing MA in UCC. He has previously published poems and articles in <em>Motley<\/em>, UCC\u2019s Magazine. His favorite poet is Sylvia Plath, whom he takes great inspiration from. This event will be his first time reading his work in public.   <\/p>\n<p>&nbsp;<br \/>\n&nbsp;<br \/>\n&nbsp;<\/p>\n<p><\/font><font color=\"silver\"><img loading=\"lazy\" decoding=\"async\" src=\"https:\/\/www.obheal.ie\/blog\/wp-content\/uploads\/2025\/01\/JohnOBoyleSm.jpg\" width=\"175\" height=\"150\" border=\"1\"\/><\/font><font size=\"1\"><strong>John O&#8217;Boyle<\/strong>  is a Cork-based writer currently enrolled in the MA in Creative Writing at UCC. His poetry explores the dialectic between personhood and mythos, the exigencies which arise from contradictions therein. He has been published by the <em>Summit Avenue Review<\/em> and <em>University of Minnesota Women&#8217;s Center<\/em>.   <\/p>\n<p>&nbsp;<br \/>\n&nbsp;<\/p>\n<p><\/font><font color=\"silver\"><img loading=\"lazy\" decoding=\"async\" src=\"https:\/\/www.obheal.ie\/blog\/wp-content\/uploads\/2025\/01\/LeahSohotraSm.jpg\" width=\"171\" height=\"150\" border=\"1\"\/><\/font><font size=\"1\"><strong>Leah Sohotra<\/strong> is a poet in UCC\u2019s MACWE program. She published a short story in \u00d3 Bh\u00e9al\u2019s 2019 Cork Anthology <em>A Journey Called Home<\/em>, about the unassisted birth of her daughter. She&#8217;s also a songwriter whose singles have aired on RT\u00c9 and BBC, receiving reviews from <em>Hot Press<\/em> and <em>PROG<\/em> magazine. <\/p>\n<p>&nbsp;<br \/>\n&nbsp;<\/p>\n<p><\/font><font color=\"silver\"><img loading=\"lazy\" decoding=\"async\" src=\"https:\/\/www.obheal.ie\/blog\/wp-content\/uploads\/2025\/01\/LuciePereiraSm.jpg\" width=\"154\" height=\"150\" border=\"1\"\/><\/font><font size=\"1\"><strong>Lucie Pereira<\/strong> is a writer and educator from California. She has published poems in <em>The Hellebore<\/em> and <em>Honey Literary<\/em>, among others, and her debut chapbook, <em>From Here to the Ocean<\/em>, is forthcoming from Finishing Line Press. She currently lives in Cobh while pursuing a master&#8217;s in creative writing at University College Cork. <\/font><\/p>\n<p>&nbsp;<br \/>\n&nbsp;<\/p>\n<p><font color=\"silver\"><img loading=\"lazy\" decoding=\"async\" src=\"https:\/\/www.obheal.ie\/blog\/wp-content\/uploads\/2025\/01\/JessicaAnneRoseSm.jpg\" width=\"130\" height=\"150\" border=\"1\"\/><\/font><font size=\"1\"><strong>Jessica Anne Rose<\/strong> was awarded a National Student Media Award as Feature Writer of the Year: Pop Culture &#038; Arts 2022. She is a contributing journalist for <em>Hot Press Magazine<\/em>. She was recently awarded the Miriam Cotter Award, a full scholarship for an exciting and emerging writer who was accepted into University College Cork\u2019s MA in Creative Writing. Jessica\u2019s published poetry is included in <em>Green Carnations Anthology<\/em>, <em>Drawn to The Light Press<\/em>\u2019 Issue 5, <em>Cork Pride Magazine 2024<\/em>, and <em>Hide and Seek Anthology<\/em>.<br \/>\n&nbsp;<\/font><\/p>\n<p><font color=\"silver\"><img loading=\"lazy\" decoding=\"async\" src=\"https:\/\/www.obheal.ie\/blog\/wp-content\/uploads\/2025\/01\/AndieMcNamaraSm.jpg\" width=\"167\" height=\"150\" border=\"1\"\/><\/font><font size=\"1\"><strong>Andie McNamara<\/strong>\u2019s writing has appeared in the <em>Echo<\/em>, the <em>Hollybough<\/em>, and <em>Cork Words 3<\/em>, as well as online in <em>Sledgehammer Lit Magazine<\/em> and the Mark Burns Radio Show. She self\u2013published her first collection of poetry, <em>Generously Curved<\/em> in 2023 and is currently doing an M.A. in Creative Writing in U.C.C. <\/font><\/p>\n<p>&nbsp;<br \/>\n&nbsp;<\/p>\n<p><font color=\"silver\"><img loading=\"lazy\" decoding=\"async\" src=\"https:\/\/www.obheal.ie\/blog\/wp-content\/uploads\/2025\/01\/AngeliaDSouzaSm.jpg\" width=\"172\" height=\"150\" border=\"1\"\/><\/font><font size=\"1\"><strong>Angelia D&#8217;Souza<\/strong> is from Dublin, California and is currently a MA Creative Writing student at UCC. She is a recent graduate of Creighton University, with a BA in Cultural Anthropology and English. Her poetry and fiction have been published in Volume 13 of Mary Baldwin University\u2019s <em>Outrageous Fortune Literary Magazine<\/em>.   <\/font><\/p>\n<p>&nbsp;<br \/>\n&nbsp;<br \/>\n&nbsp;<\/p>\n<p><img loading=\"lazy\" decoding=\"async\" width=\"490\" height=\"60\" src=\"https:\/\/www.obheal.ie\/WinterWarmer\/UCCEngDHWide.jpg\" border=\"0\"\/><\/p>\n<p>&nbsp;<\/p>\n<hr \/>\n<p><center><font size=\"2\">You can listen to Pam&#8217;s reading <a href=\"https:\/\/www.obheal.ie\/blog\/audio\/Guest Reading - Pam Campbell-H.mp3\">here<\/a>.<\/font><\/center><\/p>\n<p><font color=\"silver\"><img loading=\"lazy\" decoding=\"async\" src=\"https:\/\/www.obheal.ie\/blog\/wp-content\/uploads\/2025\/01\/PamCampbellSm.jpg\" width=\"175\" height=\"150\" border=\"1\"\/><\/font><font size=\"1\"><strong>Pam Campbell<\/strong> is a daughter of the Appalachian Mountains, born in Alabama and raised in Eastern Kentucky and Virginia. She favors the song-like qualities of poetic form and how it serves to contain human suffering and joy. <\/p>\n<p>Her poems have appeared in \u00d3 Bh\u00e9al <em>Five Words<\/em> Anthologies, Volumes XIV-XVII, <em>Blue Mondays Poetry Anthology<\/em> 2021, <em>PMS&#038;G Literary Journal<\/em>, Volume 25-27, &#038; <em>The Petigru Review<\/em>, Fall 2024 &#038; her prose in <em>PMS&#038;G<\/em> Literary Journal, Volume 24, &#038; in <em>To Life, Holocaust Stories of Hampton Roads Survivors, Liberators, and Rescuers<\/em>. She is the 2024 Tennessee Mountain Writers first place winner in children\u2019s literature.<\/font><br \/>\n&nbsp;<\/p>\n<hr \/>\n<p><center><b><font size=\"1\">You can watch a video of the event here<\/font><\/b><br \/>\n<iframe loading=\"lazy\" src=\"https:\/\/player.vimeo.com\/video\/1046754059\" width=\"490\" height=\"276\" frameborder=\"1\" allow=\"autoplay; fullscreen\" allowfullscreen><\/iframe><\/center><\/p>\n<hr \/>\n<p><center><strong><font color=\"green\">Hybrid \u00d3 Bh\u00e9al Session<\/font><\/strong><\/center><\/p>\n<p><font size=\"1\">This event will be both <strong>in-person<\/strong>, hosted in the Hayloft bar, upstairs in Long Valley, Winthrop St Cork, <strong>as well as<\/strong> on <strong>Zoom<\/strong> (which is limited to 100 people). Participation in the open-mic session and five word challenge is open to both in-person <em>and<\/em> virtual attendees. The session will be live-streamed  at <b><a href=\"http:\/\/www.obheal.ie\/live\" target=\"_blank\" rel=\"noopener noreferrer\">obheal.ie\/live<\/a><\/b> and via \u00d3 Bh\u00e9al&#8217;s <b><a href=\"http:\/\/www.vimeo.com\/obheal\">Vimeo<\/a><\/b>, <b><a href=\"https:\/\/www.facebook.com\/obheal.poetry\/\">Facebook<\/a><\/b> and <b><a href=\"http:\/\/www.youtube.com\/obheal\">YouTube <\/a><\/b>channels. <strong><em><font color=\"green\">Note to Participants<\/font><\/em><\/strong>: Our hybrid events are recorded and remain viewable on video via these same channels. <\/p>\n<p><a href=\"https:\/\/www.obheal.ie\/live\"><font size=\"1\" color=\"green\"><img loading=\"lazy\" decoding=\"async\" src=\"https:\/\/www.obheal.ie\/live\/LiveStageLinkWide.jpg\" width=\"492\" height=\"120\" alt=\"Click here for our Live Poetry Stage\"\/><\/font><\/a><\/p>\n<p>We are no longer posting the zoom link via our social media channels. Upon written request to <a href=\"mailto:info@obheal.ie\">info@obheal.ie<\/a> with a sentence outlining your reason for participation, a link to join the session will be emailed to you on the evening of the event, which is expected to run for between 2-3 hours.<\/p>\n<p><center><em><strong>The evening will feature four parts:<\/strong><\/em><\/center><\/p>\n<p><strong>7-7.45pm: Poetry-Films<\/strong> (random  play from \u00d3 Bh\u00e9al&#8217;s Poetry-Film comp archives &#8211; <strong>NOT STREAMED<\/strong>);<br \/>\n<strong>8.30pm: Five Word Challenge<\/strong> (max 30 &#8211; after the allotted 15 minutes writing time);<br \/>\n<strong>9.30pm: Featured Guest Poets from UCC <\/strong>(will read for up to 6 minutes each);<br \/>\n<strong>10:20pm: Pam Campbell (10 minutes) &#8211; followed by the Open-Mic<\/strong> Session for original poetry (max 30).<\/p>\n<p>(<strong>Entering a Zoom meeting<\/strong> is <a href=\"https:\/\/support.zoom.us\/hc\/en-us\/articles\/201362193-Joining-a-Meeting\">all explained <b>here >>><\/b><\/a>. This link provides you with a step-by-step guide and YouTube tutorial if necessary. You should check this out if you&#8217;re unfamiliar with the Zoom platform &#8211; it also shows you where to download the zoom client\/app for your computer\/phone. <i>Please Make sure to know where the chat box is and how to mute yourself to reduce background sound.<\/i>)<\/font><\/p>\n<hr \/>\n<hr \/>\n<p><a name=\"10thMarch\"><\/a><\/p>\n<p><center><em>10th March<\/em><\/p>\n<p><strong>Emily Davis Fletcher<\/strong> and <strong>James Harpur<\/strong><br \/>\n<font size=\"1\"> &nbsp; &nbsp; &nbsp; &nbsp; &nbsp; &nbsp; (via Zoom)<\/font>&nbsp; &nbsp; &nbsp; &nbsp;  &nbsp; &nbsp; &nbsp; &nbsp; &nbsp;   <font size=\"1\">(in-person)<\/font> &nbsp; &nbsp; &nbsp; &nbsp;  <\/center><\/p>\n<hr \/>\n<p><center><font size=\"2\">You can listen to Emily&#8217;s reading <a href=\"https:\/\/www.obheal.ie\/blog\/audio\/Guest Reading - Emily Davis Fletcher-H.mp3\">here<\/a>.<\/font><\/center><\/p>\n<p><font color=\"silver\"><img loading=\"lazy\" decoding=\"async\" src=\"https:\/\/www.obheal.ie\/blog\/wp-content\/uploads\/2025\/01\/EmilyDavisFletcherSm.jpg\" width=\"156\" height=\"150\" border=\"1\"\/><\/font><font size=\"1\"><strong>Emily Davis Fletcher<\/strong> earned her BFA in creative writing from Stephens College, her MA in women\u2019s studies from the National University of Ireland Galway, and her MFA in creative writing from Hollins University. Her poetry has been published in <em>Tinderbox, Crann\u00f3g Magazine, the Irish Examiner<\/em>, and <em>The High Window<\/em>, among other journals and anthologies. She has taught creativity and poetry workshops at elementary schools, assisted living communities, domestic violence shelters as well as at the University of South Carolina Beaufort, the Pat Conroy Literary Center, and Stephens College. <\/p>\n<p>Most recently, she was a finalist for the Brett Elizabeth Jenkins Poetry Prize, the 2024 Breakout Prize and the Letter Review Prize in Poetry. Way, way back in 2009, Emily found \u00d3 Bh\u00e9al when she did not know how to become a poet. The answer turned out to be a simple practice: every Monday night, ascend the Hayloft&#8217;s chatty stairs to sit (or stand) among a family of poets and be filled with poetry until she couldn&#8217;t hear her fear as loudly and she began saying yes to opportunities, starting with the chance to flex her voice on the open mic. In this way, countless poets have emerged through \u00d3 Bh\u00e9al. Thank you, Paul, Rosie, and my poetry family at \u00d3 Bh\u00e9al.<\/font><br \/>\n&nbsp;<\/p>\n<hr \/>\n<p><center><font size=\"2\">You can listen to James&#8217;s reading <a href=\"https:\/\/www.obheal.ie\/blog\/audio\/Guest Reading - James Harpur 2025-H.mp3\">here<\/a>.<\/font><\/center><\/p>\n<p>&nbsp; <font size=\"1\" color=\"grey\">Photo by Dino Ignani<\/font><br \/>\n<font color=\"silver\"><img loading=\"lazy\" decoding=\"async\" src=\"https:\/\/www.obheal.ie\/blog\/wp-content\/uploads\/2025\/01\/JamesHarpurSm.jpg\" width=\"156\" height=\"150\" border=\"1\"\/><\/font><font size=\"1\"><strong>James Harpur<\/strong> has published nine books of poetry, including his latest, <em>The Gospel of Gargoyle<\/em> (Eblana Press, 2024), a poetic drama set on the roof of Notre-Dame Cathedral in Paris and featuring the figures of a Poet and an animate Gargoyle, who knows the secret of who or what started the fire of Notre-Dame. <\/p>\n<p>He has won various awards and prizes, including the UK National Poetry Competition, the Michael Hartnett Prize, and the Vincent Buckley Award. His debut novel, <em>The Pathless Country<\/em> (Cinnamon, 2021), set in Galway, Limerick and London in the years leading to the 1916 Rising, won the J.G. Farrell Prize and was shortlisted for the John McGahern Prize. He is a member of Aosd\u00e1na and lives in West Cork.<\/font><br \/>\n&nbsp;<\/p>\n<hr \/>\n<p><center><b><font size=\"1\">You can watch a video of the event here<\/font><\/b><br \/>\n<iframe loading=\"lazy\" src=\"https:\/\/player.vimeo.com\/video\/1055578105\" width=\"490\" height=\"276\" frameborder=\"1\" allow=\"autoplay; fullscreen\" allowfullscreen><\/iframe><\/center><\/p>\n<hr \/>\n<p><center><strong><font color=\"green\">Hybrid \u00d3 Bh\u00e9al Session<\/font><\/strong><\/center><\/p>\n<p><font size=\"1\">This event will be both <strong>in-person<\/strong>, hosted in the Hayloft bar, upstairs in Long Valley, Winthrop St Cork, <strong>as well as<\/strong> on <strong>Zoom<\/strong> (which is limited to 100 people). Participation in the open-mic session and five word challenge is open to both in-person <em>and<\/em> virtual attendees. The session will be live-streamed  at <b><a href=\"http:\/\/www.obheal.ie\/live\" target=\"_blank\" rel=\"noopener noreferrer\">obheal.ie\/live<\/a><\/b> and via \u00d3 Bh\u00e9al&#8217;s <b><a href=\"http:\/\/www.vimeo.com\/obheal\">Vimeo<\/a><\/b>, <b><a href=\"https:\/\/www.facebook.com\/obheal.poetry\/\">Facebook<\/a><\/b> and <b><a href=\"http:\/\/www.youtube.com\/obheal\">YouTube <\/a><\/b>channels. <strong><em><font color=\"green\">Note to Participants<\/font><\/em><\/strong>: Our hybrid events are recorded and remain viewable on video via these same channels. <\/p>\n<p><a href=\"https:\/\/www.obheal.ie\/live\"><font size=\"1\" color=\"green\"><img loading=\"lazy\" decoding=\"async\" src=\"https:\/\/www.obheal.ie\/live\/LiveStageLinkWide.jpg\" width=\"492\" height=\"120\" alt=\"Click here for our Live Poetry Stage\"\/><\/font><\/a><\/p>\n<p>We are no longer posting the zoom link via our social media channels. Upon written request to <a href=\"mailto:info@obheal.ie\">info@obheal.ie<\/a> with a sentence outlining your reason for participation, a link to join the session will be emailed to you on the evening of the event, which is expected to run for between 2-3 hours.<\/p>\n<p><center><em><strong>The evening will feature four parts:<\/strong><\/em><\/center><\/p>\n<p><strong>7-7.45pm: Poetry-Films<\/strong> (random  play from \u00d3 Bh\u00e9al&#8217;s Poetry-Film comp archives &#8211; <strong>NOT STREAMED<\/strong>);<br \/>\n<strong>8.30pm: Five Word Challenge<\/strong> (max 30 &#8211; after the allotted 15 minutes writing time);<br \/>\n<strong>9.30pm: Featured Guest Poets <\/strong>(20 minutes each);<br \/>\n<strong>10:20pm: Open-Mic<\/strong> Session for original poetry (max 30).<\/p>\n<p>(<strong>Entering a Zoom meeting<\/strong> is <a href=\"https:\/\/support.zoom.us\/hc\/en-us\/articles\/201362193-Joining-a-Meeting\">all explained <b>here >>><\/b><\/a>. This link provides you with a step-by-step guide and YouTube tutorial if necessary. You should check this out if you&#8217;re unfamiliar with the Zoom platform &#8211; it also shows you where to download the zoom client\/app for your computer\/phone. <i>Please Make sure to know where the chat box is and how to mute yourself to reduce background sound.<\/i>)<\/font><\/p>\n<hr \/>\n<hr \/>\n","protected":false},"excerpt":{"rendered":"<p>February and March 10th February New Creative Writing from UCC &#038; special guest Pam Campbell Each February, \u00d3 Bh\u00e9al showcases poets and short fiction writers engaged in UCC&#8217;s MA Creative Writing programme, to hear them read their new work. This year&#8217;s event features James Carroll, John O&#8217;Boyle, Leah Sohotra, Lucie Pereira, Jessica Anne Rose, Andie [&hellip;]<\/p>\n","protected":false},"author":1,"featured_media":0,"parent":19,"menu_order":0,"comment_status":"closed","ping_status":"closed","template":"","meta":{"_uf_show_specific_survey":0,"_uf_disable_surveys":false,"footnotes":""},"class_list":["post-21820","page","type-page","status-publish","hentry"],"_links":{"self":[{"href":"https:\/\/www.obheal.ie\/blog\/wp-json\/wp\/v2\/pages\/21820","targetHints":{"allow":["GET"]}}],"collection":[{"href":"https:\/\/www.obheal.ie\/blog\/wp-json\/wp\/v2\/pages"}],"about":[{"href":"https:\/\/www.obheal.ie\/blog\/wp-json\/wp\/v2\/types\/page"}],"author":[{"embeddable":true,"href":"https:\/\/www.obheal.ie\/blog\/wp-json\/wp\/v2\/users\/1"}],"replies":[{"embeddable":true,"href":"https:\/\/www.obheal.ie\/blog\/wp-json\/wp\/v2\/comments?post=21820"}],"version-history":[{"count":37,"href":"https:\/\/www.obheal.ie\/blog\/wp-json\/wp\/v2\/pages\/21820\/revisions"}],"predecessor-version":[{"id":21952,"href":"https:\/\/www.obheal.ie\/blog\/wp-json\/wp\/v2\/pages\/21820\/revisions\/21952"}],"up":[{"embeddable":true,"href":"https:\/\/www.obheal.ie\/blog\/wp-json\/wp\/v2\/pages\/19"}],"wp:attachment":[{"href":"https:\/\/www.obheal.ie\/blog\/wp-json\/wp\/v2\/media?parent=21820"}],"curies":[{"name":"wp","href":"https:\/\/api.w.org\/{rel}","templated":true}]}}